{"id":330,"date":"2023-09-05T13:54:09","date_gmt":"2023-09-05T16:54:09","guid":{"rendered":"https:\/\/www.crefrs.org.br\/oportunidades\/?page_id=330"},"modified":"2025-05-09T15:08:29","modified_gmt":"2025-05-09T18:08:29","slug":"cadastro","status":"publish","type":"page","link":"https:\/\/www.crefrs.org.br\/oportunidades\/cadastro\/","title":{"rendered":"Cadastro"},"content":{"rendered":"\t\t<div data-elementor-type=\"wp-page\" data-elementor-id=\"330\" class=\"elementor elementor-330\" data-elementor-post-type=\"page\">\n\t\t\t\t<div class=\"elementor-element elementor-element-c07da48 e-flex e-con-boxed e-con e-parent\" data-id=\"c07da48\" data-element_type=\"container\" data-e-type=\"container\" data-settings=\"{&quot;background_background&quot;:&quot;classic&quot;}\">\n\t\t\t\t\t<div class=\"e-con-inner\">\n\t\t<div class=\"elementor-element elementor-element-6353fff e-con-full e-flex e-con e-child\" data-id=\"6353fff\" data-element_type=\"container\" data-e-type=\"container\" data-settings=\"{&quot;background_background&quot;:&quot;classic&quot;}\">\n\t\t\t\t<div class=\"elementor-element elementor-element-d0d3f55 elementor-widget__width-inherit elementor-widget elementor-widget-heading\" data-id=\"d0d3f55\" data-element_type=\"widget\" data-e-type=\"widget\" data-widget_type=\"heading.default\">\n\t\t\t\t<div class=\"elementor-widget-container\">\n\t\t\t\t\t<h2 class=\"elementor-heading-title elementor-size-default\">Cadastro<\/h2>\t\t\t\t<\/div>\n\t\t\t\t<\/div>\n\t\t\t\t<div class=\"elementor-element elementor-element-703702f elementor-alert-danger elementor-widget elementor-widget-alert\" data-id=\"703702f\" data-element_type=\"widget\" data-e-type=\"widget\" data-widget_type=\"alert.default\">\n\t\t\t\t<div class=\"elementor-widget-container\">\n\t\t\t\t\t\t\t<div class=\"elementor-alert\" role=\"alert\">\n\n\t\t\t\t\t\t<span class=\"elementor-alert-title\">ATEN\u00c7\u00c3O!<\/span>\n\t\t\t\n\t\t\t\t\t\t<span class=\"elementor-alert-description\">A publica\u00e7\u00e3o de oportunidades no site do CREF2\/RS \u00e9 um servi\u00e7o exclusivo para <b>Empresas e Salas de Exerc\u00edcio F\u00edsico (SEFs) registradas<\/b>, com vagas postadas somente ap\u00f3s revis\u00e3o dos campos preenchidos no formul\u00e1rio.<\/span>\n\t\t\t\n\t\t\t\n\t\t<\/div>\n\t\t\t\t\t\t<\/div>\n\t\t\t\t<\/div>\n\t\t\t\t<div class=\"elementor-element elementor-element-dbd16bc elementor-widget__width-inherit elementor-widget elementor-widget-text-editor\" data-id=\"dbd16bc\" data-element_type=\"widget\" data-e-type=\"widget\" data-widget_type=\"text-editor.default\">\n\t\t\t\t<div class=\"elementor-widget-container\">\n\t\t\t\t\t\t\t\t\t<p>Cadastre-se para come\u00e7ar a publicar vagas<\/p>\t\t\t\t\t\t\t\t<\/div>\n\t\t\t\t<\/div>\n\t\t\t\t<div class=\"elementor-element elementor-element-b611d95 elementor-widget elementor-widget-button\" data-id=\"b611d95\" data-element_type=\"widget\" data-e-type=\"widget\" data-widget_type=\"button.default\">\n\t\t\t\t<div class=\"elementor-widget-container\">\n\t\t\t\t\t\t\t\t\t<div class=\"elementor-button-wrapper\">\n\t\t\t\t\t<a class=\"elementor-button elementor-button-link elementor-size-sm\" href=\"https:\/\/www.crefrs.org.br\/oportunidades\/cadastro-da-empresa\/\">\n\t\t\t\t\t\t<span class=\"elementor-button-content-wrapper\">\n\t\t\t\t\t\t\t\t\t<span class=\"elementor-button-text\">Clique aqui<\/span>\n\t\t\t\t\t<\/span>\n\t\t\t\t\t<\/a>\n\t\t\t\t<\/div>\n\t\t\t\t\t\t\t\t<\/div>\n\t\t\t\t<\/div>\n\t\t\t\t<\/div>\n\t\t\t\t\t<\/div>\n\t\t\t\t<\/div>\n\t\t\t\t<\/div>\n\t\t","protected":false},"excerpt":{"rendered":"<p>Cadastro ATEN\u00c7\u00c3O! A publica\u00e7\u00e3o de oportunidades no site do CREF2\/RS \u00e9 um servi\u00e7o exclusivo para Empresas e Salas de Exerc\u00edcio F\u00edsico (SEFs) registradas, com vagas postadas somente ap\u00f3s revis\u00e3o dos campos preenchidos no formul\u00e1rio. Cadastre-se para come\u00e7ar a publicar vagas Clique aqui<\/p>\n","protected":false},"author":30,"featured_media":0,"parent":0,"menu_order":0,"comment_status":"closed","ping_status":"closed","template":"elementor_header_footer","meta":{"_themeisle_gutenberg_block_has_review":false,"footnotes":""},"class_list":["post-330","page","type-page","status-publish","hentry"],"publishpress_future_action":{"enabled":false,"date":"2026-04-25 09:06:32","action":"change-status","newStatus":"draft","terms":[],"taxonomy":"","extraData":[]},"publishpress_future_workflow_manual_trigger":{"enabledWorkflows":[]},"_links":{"self":[{"href":"https:\/\/www.crefrs.org.br\/oportunidades\/wp-json\/wp\/v2\/pages\/330","targetHints":{"allow":["GET"]}}],"collection":[{"href":"https:\/\/www.crefrs.org.br\/oportunidades\/wp-json\/wp\/v2\/pages"}],"about":[{"href":"https:\/\/www.crefrs.org.br\/oportunidades\/wp-json\/wp\/v2\/types\/page"}],"author":[{"embeddable":true,"href":"https:\/\/www.crefrs.org.br\/oportunidades\/wp-json\/wp\/v2\/users\/30"}],"replies":[{"embeddable":true,"href":"https:\/\/www.crefrs.org.br\/oportunidades\/wp-json\/wp\/v2\/comments?post=330"}],"version-history":[{"count":30,"href":"https:\/\/www.crefrs.org.br\/oportunidades\/wp-json\/wp\/v2\/pages\/330\/revisions"}],"predecessor-version":[{"id":3497,"href":"https:\/\/www.crefrs.org.br\/oportunidades\/wp-json\/wp\/v2\/pages\/330\/revisions\/3497"}],"wp:attachment":[{"href":"https:\/\/www.crefrs.org.br\/oportunidades\/wp-json\/wp\/v2\/media?parent=330"}],"curies":[{"name":"wp","href":"https:\/\/api.w.org\/{rel}","templated":true}]}}