{"id":714,"date":"2025-03-31T15:57:52","date_gmt":"2025-03-31T18:57:52","guid":{"rendered":"https:\/\/www.crefrs.org.br\/eventos\/?post_type=ingresso&#038;p=714"},"modified":"2025-03-31T16:15:43","modified_gmt":"2025-03-31T19:15:43","slug":"cref-capacita-porto-alegreprevencao-ao-afogamento-e-resposta-a-emergencias-aquaticas","status":"publish","type":"ingresso","link":"https:\/\/www.crefrs.org.br\/eventos\/evento\/cref-capacita-porto-alegreprevencao-ao-afogamento-e-resposta-a-emergencias-aquaticas\/","title":{"rendered":"CREF Capacita \u2013 Porto Alegre Preven\u00e7\u00e3o ao afogamento e resposta a emerg\u00eancias aqu\u00e1ticas"},"content":{"rendered":"","protected":false},"featured_media":715,"template":"","tipo-de-evento":[26],"class_list":["post-714","ingresso","type-ingresso","status-publish","has-post-thumbnail","hentry","tipo-de-evento-cref-capacita"],"_links":{"self":[{"href":"https:\/\/www.crefrs.org.br\/eventos\/wp-json\/wp\/v2\/ingresso\/714","targetHints":{"allow":["GET"]}}],"collection":[{"href":"https:\/\/www.crefrs.org.br\/eventos\/wp-json\/wp\/v2\/ingresso"}],"about":[{"href":"https:\/\/www.crefrs.org.br\/eventos\/wp-json\/wp\/v2\/types\/ingresso"}],"wp:featuredmedia":[{"embeddable":true,"href":"https:\/\/www.crefrs.org.br\/eventos\/wp-json\/wp\/v2\/media\/715"}],"wp:attachment":[{"href":"https:\/\/www.crefrs.org.br\/eventos\/wp-json\/wp\/v2\/media?parent=714"}],"wp:term":[{"taxonomy":"tipo-de-evento","embeddable":true,"href":"https:\/\/www.crefrs.org.br\/eventos\/wp-json\/wp\/v2\/tipo-de-evento?post=714"}],"curies":[{"name":"wp","href":"https:\/\/api.w.org\/{rel}","templated":true}]}}

CREF Capacita – Porto Alegre Prevenção ao afogamento e resposta a emergências aquáticas
