{"id":694,"date":"2025-03-30T23:09:08","date_gmt":"2025-03-31T02:09:08","guid":{"rendered":"https:\/\/www.crefrs.org.br\/eventos\/?post_type=ingresso&#038;p=694"},"modified":"2025-03-31T15:24:27","modified_gmt":"2025-03-31T18:24:27","slug":"operacao-verao-total-laranjal","status":"publish","type":"ingresso","link":"https:\/\/www.crefrs.org.br\/eventos\/evento\/operacao-verao-total-laranjal\/","title":{"rendered":"Opera\u00e7\u00e3o Ver\u00e3o Total: Laranjal"},"content":{"rendered":"","protected":false},"featured_media":695,"template":"","tipo-de-evento":[],"class_list":["post-694","ingresso","type-ingresso","status-publish","has-post-thumbnail","hentry"],"_links":{"self":[{"href":"https:\/\/www.crefrs.org.br\/eventos\/wp-json\/wp\/v2\/ingresso\/694","targetHints":{"allow":["GET"]}}],"collection":[{"href":"https:\/\/www.crefrs.org.br\/eventos\/wp-json\/wp\/v2\/ingresso"}],"about":[{"href":"https:\/\/www.crefrs.org.br\/eventos\/wp-json\/wp\/v2\/types\/ingresso"}],"wp:featuredmedia":[{"embeddable":true,"href":"https:\/\/www.crefrs.org.br\/eventos\/wp-json\/wp\/v2\/media\/695"}],"wp:attachment":[{"href":"https:\/\/www.crefrs.org.br\/eventos\/wp-json\/wp\/v2\/media?parent=694"}],"wp:term":[{"taxonomy":"tipo-de-evento","embeddable":true,"href":"https:\/\/www.crefrs.org.br\/eventos\/wp-json\/wp\/v2\/tipo-de-evento?post=694"}],"curies":[{"name":"wp","href":"https:\/\/api.w.org\/{rel}","templated":true}]}}

Operação Verão Total: Laranjal
