{"id":691,"date":"2025-03-30T23:00:20","date_gmt":"2025-03-31T02:00:20","guid":{"rendered":"https:\/\/www.crefrs.org.br\/eventos\/?post_type=ingresso&#038;p=691"},"modified":"2025-03-31T15:24:48","modified_gmt":"2025-03-31T18:24:48","slug":"operacao-verao-total-arroio-do-sal","status":"publish","type":"ingresso","link":"https:\/\/www.crefrs.org.br\/eventos\/evento\/operacao-verao-total-arroio-do-sal\/","title":{"rendered":"Opera\u00e7\u00e3o Ver\u00e3o Total: Arroio do Sal"},"content":{"rendered":"","protected":false},"featured_media":692,"template":"","tipo-de-evento":[],"class_list":["post-691","ingresso","type-ingresso","status-publish","has-post-thumbnail","hentry"],"_links":{"self":[{"href":"https:\/\/www.crefrs.org.br\/eventos\/wp-json\/wp\/v2\/ingresso\/691","targetHints":{"allow":["GET"]}}],"collection":[{"href":"https:\/\/www.crefrs.org.br\/eventos\/wp-json\/wp\/v2\/ingresso"}],"about":[{"href":"https:\/\/www.crefrs.org.br\/eventos\/wp-json\/wp\/v2\/types\/ingresso"}],"wp:featuredmedia":[{"embeddable":true,"href":"https:\/\/www.crefrs.org.br\/eventos\/wp-json\/wp\/v2\/media\/692"}],"wp:attachment":[{"href":"https:\/\/www.crefrs.org.br\/eventos\/wp-json\/wp\/v2\/media?parent=691"}],"wp:term":[{"taxonomy":"tipo-de-evento","embeddable":true,"href":"https:\/\/www.crefrs.org.br\/eventos\/wp-json\/wp\/v2\/tipo-de-evento?post=691"}],"curies":[{"name":"wp","href":"https:\/\/api.w.org\/{rel}","templated":true}]}}

Operação Verão Total: Arroio do Sal
