{"id":689,"date":"2025-03-30T22:54:59","date_gmt":"2025-03-31T01:54:59","guid":{"rendered":"https:\/\/www.crefrs.org.br\/eventos\/?post_type=ingresso&#038;p=689"},"modified":"2025-03-31T15:25:40","modified_gmt":"2025-03-31T18:25:40","slug":"operacao-verao-total-torres","status":"publish","type":"ingresso","link":"https:\/\/www.crefrs.org.br\/eventos\/evento\/operacao-verao-total-torres\/","title":{"rendered":"Opera\u00e7\u00e3o Ver\u00e3o Total: Torres"},"content":{"rendered":"","protected":false},"featured_media":690,"template":"","tipo-de-evento":[],"class_list":["post-689","ingresso","type-ingresso","status-publish","has-post-thumbnail","hentry"],"_links":{"self":[{"href":"https:\/\/www.crefrs.org.br\/eventos\/wp-json\/wp\/v2\/ingresso\/689","targetHints":{"allow":["GET"]}}],"collection":[{"href":"https:\/\/www.crefrs.org.br\/eventos\/wp-json\/wp\/v2\/ingresso"}],"about":[{"href":"https:\/\/www.crefrs.org.br\/eventos\/wp-json\/wp\/v2\/types\/ingresso"}],"wp:featuredmedia":[{"embeddable":true,"href":"https:\/\/www.crefrs.org.br\/eventos\/wp-json\/wp\/v2\/media\/690"}],"wp:attachment":[{"href":"https:\/\/www.crefrs.org.br\/eventos\/wp-json\/wp\/v2\/media?parent=689"}],"wp:term":[{"taxonomy":"tipo-de-evento","embeddable":true,"href":"https:\/\/www.crefrs.org.br\/eventos\/wp-json\/wp\/v2\/tipo-de-evento?post=689"}],"curies":[{"name":"wp","href":"https:\/\/api.w.org\/{rel}","templated":true}]}}

Operação Verão Total: Torres
