{"id":653,"date":"2025-03-30T21:29:05","date_gmt":"2025-03-31T00:29:05","guid":{"rendered":"https:\/\/www.crefrs.org.br\/eventos\/?post_type=ingresso&#038;p=653"},"modified":"2025-03-31T16:25:56","modified_gmt":"2025-03-31T19:25:56","slug":"operacao-verao-total-capao-da-canoa","status":"publish","type":"ingresso","link":"https:\/\/www.crefrs.org.br\/eventos\/evento\/operacao-verao-total-capao-da-canoa\/","title":{"rendered":"Opera\u00e7\u00e3o Ver\u00e3o Total: Cap\u00e3o da Canoa"},"content":{"rendered":"","protected":false},"featured_media":675,"template":"","tipo-de-evento":[34],"class_list":["post-653","ingresso","type-ingresso","status-publish","has-post-thumbnail","hentry","tipo-de-evento-operacao-verao-total"],"_links":{"self":[{"href":"https:\/\/www.crefrs.org.br\/eventos\/wp-json\/wp\/v2\/ingresso\/653","targetHints":{"allow":["GET"]}}],"collection":[{"href":"https:\/\/www.crefrs.org.br\/eventos\/wp-json\/wp\/v2\/ingresso"}],"about":[{"href":"https:\/\/www.crefrs.org.br\/eventos\/wp-json\/wp\/v2\/types\/ingresso"}],"wp:featuredmedia":[{"embeddable":true,"href":"https:\/\/www.crefrs.org.br\/eventos\/wp-json\/wp\/v2\/media\/675"}],"wp:attachment":[{"href":"https:\/\/www.crefrs.org.br\/eventos\/wp-json\/wp\/v2\/media?parent=653"}],"wp:term":[{"taxonomy":"tipo-de-evento","embeddable":true,"href":"https:\/\/www.crefrs.org.br\/eventos\/wp-json\/wp\/v2\/tipo-de-evento?post=653"}],"curies":[{"name":"wp","href":"https:\/\/api.w.org\/{rel}","templated":true}]}}

Operação Verão Total: Capão da Canoa
