{"id":1766,"date":"2026-04-23T14:14:57","date_gmt":"2026-04-23T17:14:57","guid":{"rendered":"https:\/\/www.crefrs.org.br\/eventos\/?post_type=ingresso&#038;p=1766"},"modified":"2026-04-30T13:08:32","modified_gmt":"2026-04-30T16:08:32","slug":"cref-capacita-caxias-do-sul-primeiros-socorros-2","status":"publish","type":"ingresso","link":"https:\/\/www.crefrs.org.br\/eventos\/evento\/cref-capacita-caxias-do-sul-primeiros-socorros-2\/","title":{"rendered":"CREF Capacita Caxias do Sul\u2013 Primeiros Socorros"},"content":{"rendered":"\n<p>Garanta sua participa\u00e7\u00e3o na edi\u00e7\u00e3o do <strong>CREF Capacita 2026 em Caxias do Sul<\/strong> e invista na sua qualifica\u00e7\u00e3o profissional! O curso conta com emiss\u00e3o de certificado e oferece a flexibilidade de escolha entre turmas no turno da manh\u00e3 ou da tarde, adaptando-se \u00e0 sua rotina para que voc\u00ea aproveite ao m\u00e1ximo essa oportunidade de crescimento.<\/p>\n\n\n\n<p class=\"has-vivid-red-color has-text-color has-link-color wp-elements-935bf8ad3e513684cd7ed1d3d11f787b\">Evento gratuito para profissionais de Educa\u00e7\u00e3o F\u00edsica registrados no CREF2\/RS e vinculados \u00e0 Secretaria Municipal de Educa\u00e7\u00e3o de Caxias do Sul \u2013 SMED. \u00c9 obrigat\u00f3rio o envio do atestado funcional da SMED (emitido atrav\u00e9s do Portal do Servidor).<\/p>\n\n\n\n<p class=\"has-vivid-red-color has-text-color has-link-color wp-elements-c9365267f914bd71ea50e5e539e3962b\"><\/p>\n\n\n\n<p><\/p>\n\n\n\n<p><\/p>\n","protected":false},"featured_media":1872,"template":"","tipo-de-evento":[26],"class_list":["post-1766","ingresso","type-ingresso","status-publish","has-post-thumbnail","hentry","tipo-de-evento-cref-capacita"],"_links":{"self":[{"href":"https:\/\/www.crefrs.org.br\/eventos\/wp-json\/wp\/v2\/ingresso\/1766","targetHints":{"allow":["GET"]}}],"collection":[{"href":"https:\/\/www.crefrs.org.br\/eventos\/wp-json\/wp\/v2\/ingresso"}],"about":[{"href":"https:\/\/www.crefrs.org.br\/eventos\/wp-json\/wp\/v2\/types\/ingresso"}],"wp:featuredmedia":[{"embeddable":true,"href":"https:\/\/www.crefrs.org.br\/eventos\/wp-json\/wp\/v2\/media\/1872"}],"wp:attachment":[{"href":"https:\/\/www.crefrs.org.br\/eventos\/wp-json\/wp\/v2\/media?parent=1766"}],"wp:term":[{"taxonomy":"tipo-de-evento","embeddable":true,"href":"https:\/\/www.crefrs.org.br\/eventos\/wp-json\/wp\/v2\/tipo-de-evento?post=1766"}],"curies":[{"name":"wp","href":"https:\/\/api.w.org\/{rel}","templated":true}]}}

<p>Garanta sua participação na edição do <strong>CREF Capacita 2026 em Caxias do Sul</strong> e invista na sua qualificação profissional! O curso conta com emissão de certificado e oferece a flexibilidade de escolha entre turmas no turno da manhã ou da tarde, adaptando-se à sua rotina para que você aproveite ao máximo essa oportunidade de crescimento.</p>



<p class="has-vivid-red-color has-text-color has-link-color wp-elements-935bf8ad3e513684cd7ed1d3d11f787b">Evento gratuito para profissionais de Educação Física registrados no CREF2/RS e vinculados à Secretaria Municipal de Educação de Caxias do Sul – SMED. É obrigatório o envio do atestado funcional da SMED (emitido através do Portal do Servidor).</p>



<p class="has-vivid-red-color has-text-color has-link-color wp-elements-c9365267f914bd71ea50e5e539e3962b"></p>



<p></p>



<p></p>
