{"id":1721,"date":"2026-03-18T15:47:14","date_gmt":"2026-03-18T18:47:14","guid":{"rendered":"https:\/\/www.crefrs.org.br\/eventos\/?post_type=ingresso&#038;p=1721"},"modified":"2026-03-31T12:37:09","modified_gmt":"2026-03-31T15:37:09","slug":"conversando-com-a-fiscalizacao","status":"publish","type":"ingresso","link":"https:\/\/www.crefrs.org.br\/eventos\/evento\/conversando-com-a-fiscalizacao\/","title":{"rendered":"Conversando com a C\u00e2mara de Fiscaliza\u00e7\u00e3o"},"content":{"rendered":"\n<p>O CREF2\/RS vai realizar, no dia 28 de mar\u00e7o, o Conversando com a Fiscaliza\u00e7\u00e3o. As vagas s\u00e3o limitadas! As inscri\u00e7\u00f5es est\u00e3o abertas e as confirma\u00e7\u00f5es ser\u00e3o feitas por e-mail, conforme disponibilidade.<\/p>\n\n\n\n<p class=\"has-vivid-red-color has-text-color has-link-color wp-elements-91144d2a1f69717351d4ae342a6db631\">O evento \u00e9 aberto \u00e0 participa\u00e7\u00e3o de profissionais de Educa\u00e7\u00e3o F\u00edsica registrados.<\/p>\n\n\n\n<p class=\"has-vivid-red-color has-text-color has-link-color wp-elements-d324014a1e8fd0ad737f6de3e4452ed0\">Cidades da Regi\u00e3o 12:<\/p>\n\n\n\n<p class=\"has-vivid-red-color has-text-color has-link-color wp-elements-99fbf56099dc72331dbea923921573c5\">Alvorada<br>Cachoeirinha<br>Canoas<br>Esteio<br>Glorinha<br>Gravata\u00ed<br>Porto Alegre<br>Nova Santa Rita<br>Sapucaia do Sul<br>Viam\u00e3o<\/p>\n\n\n\n<p><\/p>\n\n\n\n<p><\/p>\n","protected":false},"featured_media":1722,"template":"","tipo-de-evento":[44],"class_list":["post-1721","ingresso","type-ingresso","status-publish","has-post-thumbnail","hentry","tipo-de-evento-eventos"],"_links":{"self":[{"href":"https:\/\/www.crefrs.org.br\/eventos\/wp-json\/wp\/v2\/ingresso\/1721","targetHints":{"allow":["GET"]}}],"collection":[{"href":"https:\/\/www.crefrs.org.br\/eventos\/wp-json\/wp\/v2\/ingresso"}],"about":[{"href":"https:\/\/www.crefrs.org.br\/eventos\/wp-json\/wp\/v2\/types\/ingresso"}],"wp:featuredmedia":[{"embeddable":true,"href":"https:\/\/www.crefrs.org.br\/eventos\/wp-json\/wp\/v2\/media\/1722"}],"wp:attachment":[{"href":"https:\/\/www.crefrs.org.br\/eventos\/wp-json\/wp\/v2\/media?parent=1721"}],"wp:term":[{"taxonomy":"tipo-de-evento","embeddable":true,"href":"https:\/\/www.crefrs.org.br\/eventos\/wp-json\/wp\/v2\/tipo-de-evento?post=1721"}],"curies":[{"name":"wp","href":"https:\/\/api.w.org\/{rel}","templated":true}]}}

Conversando com a Câmara de Fiscalização

<p>O CREF2/RS vai realizar, no dia 28 de março, o Conversando com a Fiscalização. As vagas são limitadas! As inscrições estão abertas e as confirmações serão feitas por e-mail, conforme disponibilidade.</p>



<p class="has-vivid-red-color has-text-color has-link-color wp-elements-91144d2a1f69717351d4ae342a6db631">O evento é aberto à participação de profissionais de Educação Física registrados.</p>



<p class="has-vivid-red-color has-text-color has-link-color wp-elements-d324014a1e8fd0ad737f6de3e4452ed0">Cidades da Região 12:</p>



<p class="has-vivid-red-color has-text-color has-link-color wp-elements-99fbf56099dc72331dbea923921573c5">Alvorada<br>Cachoeirinha<br>Canoas<br>Esteio<br>Glorinha<br>Gravataí<br>Porto Alegre<br>Nova Santa Rita<br>Sapucaia do Sul<br>Viamão</p>



<p></p>



<p></p>
