{"id":1662,"date":"2025-12-05T16:52:39","date_gmt":"2025-12-05T19:52:39","guid":{"rendered":"https:\/\/www.crefrs.org.br\/eventos\/?post_type=ingresso&#038;p=1662"},"modified":"2025-12-10T10:37:03","modified_gmt":"2025-12-10T13:37:03","slug":"conversando-com-a-camara-de-fiscalizacao","status":"publish","type":"ingresso","link":"https:\/\/www.crefrs.org.br\/eventos\/evento\/conversando-com-a-camara-de-fiscalizacao\/","title":{"rendered":"Conversando com a C\u00e2mara de Fiscaliza\u00e7\u00e3o"},"content":{"rendered":"\n<p>O CREF2\/RS vai realizar, no dia 10 de dezembro, o Conversando com a C\u00e2mara de Fiscaliza\u00e7\u00e3o. As vagas s\u00e3o limitadas! As inscri\u00e7\u00f5es est\u00e3o abertas e as confirma\u00e7\u00f5es ser\u00e3o feitas por e-mail, conforme disponibilidade.<\/p>\n\n\n\n<p class=\"has-vivid-red-color has-text-color has-link-color wp-elements-74a20b9d3aab7ffac1fc1e127d4ec233\">O evento \u00e9 aberto \u00e0 participa\u00e7\u00e3o de profissionais de Educa\u00e7\u00e3o F\u00edsica registrados e adimplentes.<\/p>\n\n\n\n<p class=\"has-vivid-red-color has-text-color has-link-color wp-elements-c9365267f914bd71ea50e5e539e3962b\"><\/p>\n\n\n\n<p><\/p>\n\n\n\n<p><\/p>\n","protected":false},"featured_media":1663,"template":"","tipo-de-evento":[44],"class_list":["post-1662","ingresso","type-ingresso","status-publish","has-post-thumbnail","hentry","tipo-de-evento-eventos"],"_links":{"self":[{"href":"https:\/\/www.crefrs.org.br\/eventos\/wp-json\/wp\/v2\/ingresso\/1662","targetHints":{"allow":["GET"]}}],"collection":[{"href":"https:\/\/www.crefrs.org.br\/eventos\/wp-json\/wp\/v2\/ingresso"}],"about":[{"href":"https:\/\/www.crefrs.org.br\/eventos\/wp-json\/wp\/v2\/types\/ingresso"}],"wp:featuredmedia":[{"embeddable":true,"href":"https:\/\/www.crefrs.org.br\/eventos\/wp-json\/wp\/v2\/media\/1663"}],"wp:attachment":[{"href":"https:\/\/www.crefrs.org.br\/eventos\/wp-json\/wp\/v2\/media?parent=1662"}],"wp:term":[{"taxonomy":"tipo-de-evento","embeddable":true,"href":"https:\/\/www.crefrs.org.br\/eventos\/wp-json\/wp\/v2\/tipo-de-evento?post=1662"}],"curies":[{"name":"wp","href":"https:\/\/api.w.org\/{rel}","templated":true}]}}

Conversando com a Câmara de Fiscalização

<p>O CREF2/RS vai realizar, no dia 10 de dezembro, o Conversando com a Câmara de Fiscalização. As vagas são limitadas! As inscrições estão abertas e as confirmações serão feitas por e-mail, conforme disponibilidade.</p>



<p class="has-vivid-red-color has-text-color has-link-color wp-elements-74a20b9d3aab7ffac1fc1e127d4ec233">O evento é aberto à participação de profissionais de Educação Física registrados e adimplentes.</p>



<p class="has-vivid-red-color has-text-color has-link-color wp-elements-c9365267f914bd71ea50e5e539e3962b"></p>



<p></p>



<p></p>
