{"id":1617,"date":"2025-11-06T14:21:48","date_gmt":"2025-11-06T17:21:48","guid":{"rendered":"https:\/\/www.crefrs.org.br\/eventos\/?post_type=ingresso&#038;p=1617"},"modified":"2025-11-18T16:23:33","modified_gmt":"2025-11-18T19:23:33","slug":"meeting-de-saude-do-cref2-rs-dia-18-11","status":"publish","type":"ingresso","link":"https:\/\/www.crefrs.org.br\/eventos\/evento\/meeting-de-saude-do-cref2-rs-dia-18-11\/","title":{"rendered":"Meeting de Sa\u00fade do CREF2\/RS: Dia 18\/11"},"content":{"rendered":"\n<p><\/p>\n\n\n\n<p class=\"has-vivid-red-color has-text-color has-link-color wp-elements-28a44aa505d70cc79d557553808c025d\">Evento online gratuito para profissionais e acad\u00eamicos do curso de Educa\u00e7\u00e3o F\u00edsica, com emiss\u00e3o de certificado.<\/p>\n\n\n\n<p class=\"has-vivid-red-color has-text-color has-link-color wp-elements-c9365267f914bd71ea50e5e539e3962b\"><\/p>\n\n\n\n<p><\/p>\n\n\n\n<p><\/p>\n","protected":false},"featured_media":1618,"template":"","tipo-de-evento":[44],"class_list":["post-1617","ingresso","type-ingresso","status-publish","has-post-thumbnail","hentry","tipo-de-evento-eventos"],"_links":{"self":[{"href":"https:\/\/www.crefrs.org.br\/eventos\/wp-json\/wp\/v2\/ingresso\/1617","targetHints":{"allow":["GET"]}}],"collection":[{"href":"https:\/\/www.crefrs.org.br\/eventos\/wp-json\/wp\/v2\/ingresso"}],"about":[{"href":"https:\/\/www.crefrs.org.br\/eventos\/wp-json\/wp\/v2\/types\/ingresso"}],"wp:featuredmedia":[{"embeddable":true,"href":"https:\/\/www.crefrs.org.br\/eventos\/wp-json\/wp\/v2\/media\/1618"}],"wp:attachment":[{"href":"https:\/\/www.crefrs.org.br\/eventos\/wp-json\/wp\/v2\/media?parent=1617"}],"wp:term":[{"taxonomy":"tipo-de-evento","embeddable":true,"href":"https:\/\/www.crefrs.org.br\/eventos\/wp-json\/wp\/v2\/tipo-de-evento?post=1617"}],"curies":[{"name":"wp","href":"https:\/\/api.w.org\/{rel}","templated":true}]}}

Meeting de Saúde do CREF2/RS: Dia 18/11

<p></p>



<p class="has-vivid-red-color has-text-color has-link-color wp-elements-28a44aa505d70cc79d557553808c025d">Evento online gratuito para profissionais e acadêmicos do curso de Educação Física, com emissão de certificado.</p>



<p class="has-vivid-red-color has-text-color has-link-color wp-elements-c9365267f914bd71ea50e5e539e3962b"></p>



<p></p>



<p></p>
