{"id":1543,"date":"2025-09-17T10:43:08","date_gmt":"2025-09-17T13:43:08","guid":{"rendered":"https:\/\/www.crefrs.org.br\/eventos\/?post_type=ingresso&#038;p=1543"},"modified":"2025-10-06T08:36:49","modified_gmt":"2025-10-06T11:36:49","slug":"conversando-com-o-cref2-rs-rio-grande-2","status":"publish","type":"ingresso","link":"https:\/\/www.crefrs.org.br\/eventos\/evento\/conversando-com-o-cref2-rs-rio-grande-2\/","title":{"rendered":"Conversando com o CREF2\/RS \u2013 Rio Grande"},"content":{"rendered":"\n<p><\/p>\n\n\n\n<p class=\"has-vivid-red-color has-text-color has-link-color wp-elements-b8cabad0c691a5c4b720ea0ff155689d\">Evento gratuito para profissionais e acad\u00eamicos do curso de Educa\u00e7\u00e3o F\u00edsica.<\/p>\n\n\n\n<p><\/p>\n\n\n\n<p><\/p>\n","protected":false},"featured_media":1552,"template":"","tipo-de-evento":[26],"class_list":["post-1543","ingresso","type-ingresso","status-publish","has-post-thumbnail","hentry","tipo-de-evento-cref-capacita"],"_links":{"self":[{"href":"https:\/\/www.crefrs.org.br\/eventos\/wp-json\/wp\/v2\/ingresso\/1543","targetHints":{"allow":["GET"]}}],"collection":[{"href":"https:\/\/www.crefrs.org.br\/eventos\/wp-json\/wp\/v2\/ingresso"}],"about":[{"href":"https:\/\/www.crefrs.org.br\/eventos\/wp-json\/wp\/v2\/types\/ingresso"}],"wp:featuredmedia":[{"embeddable":true,"href":"https:\/\/www.crefrs.org.br\/eventos\/wp-json\/wp\/v2\/media\/1552"}],"wp:attachment":[{"href":"https:\/\/www.crefrs.org.br\/eventos\/wp-json\/wp\/v2\/media?parent=1543"}],"wp:term":[{"taxonomy":"tipo-de-evento","embeddable":true,"href":"https:\/\/www.crefrs.org.br\/eventos\/wp-json\/wp\/v2\/tipo-de-evento?post=1543"}],"curies":[{"name":"wp","href":"https:\/\/api.w.org\/{rel}","templated":true}]}}

<p></p>



<p class="has-vivid-red-color has-text-color has-link-color wp-elements-b8cabad0c691a5c4b720ea0ff155689d">Evento gratuito para profissionais e acadêmicos do curso de Educação Física.</p>



<p></p>



<p></p>
