{"id":1389,"date":"2025-06-06T11:10:57","date_gmt":"2025-06-06T14:10:57","guid":{"rendered":"https:\/\/www.crefrs.org.br\/eventos\/?post_type=ingresso&#038;p=1389"},"modified":"2025-07-07T09:50:08","modified_gmt":"2025-07-07T12:50:08","slug":"conversando-com-o-cref2-rs-capao-da-canoa","status":"publish","type":"ingresso","link":"https:\/\/www.crefrs.org.br\/eventos\/evento\/conversando-com-o-cref2-rs-capao-da-canoa\/","title":{"rendered":"Conversando com o CREF2\/RS \u2013 Cap\u00e3o da Canoa"},"content":{"rendered":"\n<p><\/p>\n\n\n\n<p class=\"has-vivid-red-color has-text-color has-link-color wp-elements-b8cabad0c691a5c4b720ea0ff155689d\">Evento gratuito para profissionais e acad\u00eamicos do curso de Educa\u00e7\u00e3o F\u00edsica.<\/p>\n\n\n\n<p><\/p>\n\n\n\n<p><\/p>\n","protected":false},"featured_media":1390,"template":"","tipo-de-evento":[26],"class_list":["post-1389","ingresso","type-ingresso","status-publish","has-post-thumbnail","hentry","tipo-de-evento-cref-capacita"],"_links":{"self":[{"href":"https:\/\/www.crefrs.org.br\/eventos\/wp-json\/wp\/v2\/ingresso\/1389","targetHints":{"allow":["GET"]}}],"collection":[{"href":"https:\/\/www.crefrs.org.br\/eventos\/wp-json\/wp\/v2\/ingresso"}],"about":[{"href":"https:\/\/www.crefrs.org.br\/eventos\/wp-json\/wp\/v2\/types\/ingresso"}],"wp:featuredmedia":[{"embeddable":true,"href":"https:\/\/www.crefrs.org.br\/eventos\/wp-json\/wp\/v2\/media\/1390"}],"wp:attachment":[{"href":"https:\/\/www.crefrs.org.br\/eventos\/wp-json\/wp\/v2\/media?parent=1389"}],"wp:term":[{"taxonomy":"tipo-de-evento","embeddable":true,"href":"https:\/\/www.crefrs.org.br\/eventos\/wp-json\/wp\/v2\/tipo-de-evento?post=1389"}],"curies":[{"name":"wp","href":"https:\/\/api.w.org\/{rel}","templated":true}]}}

Conversando com o CREF2/RS – Capão da Canoa

<p></p>



<p class="has-vivid-red-color has-text-color has-link-color wp-elements-b8cabad0c691a5c4b720ea0ff155689d">Evento gratuito para profissionais e acadêmicos do curso de Educação Física.</p>



<p></p>



<p></p>
