{"id":1140,"date":"2025-04-28T16:23:33","date_gmt":"2025-04-28T19:23:33","guid":{"rendered":"https:\/\/www.crefrs.org.br\/eventos\/?post_type=ingresso&#038;p=1140"},"modified":"2025-05-12T11:19:37","modified_gmt":"2025-05-12T14:19:37","slug":"cref-capacita-otimizacao-metabolica-na-pratica-treinamento-e-nutricao-integrados-2","status":"publish","type":"ingresso","link":"https:\/\/www.crefrs.org.br\/eventos\/evento\/cref-capacita-otimizacao-metabolica-na-pratica-treinamento-e-nutricao-integrados-2\/","title":{"rendered":"CREF Capacita \u2013 Otimiza\u00e7\u00e3o Metab\u00f3lica na Pr\u00e1tica: Treinamento e Nutri\u00e7\u00e3o Integrados"},"content":{"rendered":"\n<p>CREF Capacita 2025 em Santa Maria. Com emiss\u00e3o de certificado.<\/p>\n\n\n\n<p><\/p>\n","protected":false},"featured_media":1147,"template":"","tipo-de-evento":[26],"class_list":["post-1140","ingresso","type-ingresso","status-publish","has-post-thumbnail","hentry","tipo-de-evento-cref-capacita"],"_links":{"self":[{"href":"https:\/\/www.crefrs.org.br\/eventos\/wp-json\/wp\/v2\/ingresso\/1140","targetHints":{"allow":["GET"]}}],"collection":[{"href":"https:\/\/www.crefrs.org.br\/eventos\/wp-json\/wp\/v2\/ingresso"}],"about":[{"href":"https:\/\/www.crefrs.org.br\/eventos\/wp-json\/wp\/v2\/types\/ingresso"}],"wp:featuredmedia":[{"embeddable":true,"href":"https:\/\/www.crefrs.org.br\/eventos\/wp-json\/wp\/v2\/media\/1147"}],"wp:attachment":[{"href":"https:\/\/www.crefrs.org.br\/eventos\/wp-json\/wp\/v2\/media?parent=1140"}],"wp:term":[{"taxonomy":"tipo-de-evento","embeddable":true,"href":"https:\/\/www.crefrs.org.br\/eventos\/wp-json\/wp\/v2\/tipo-de-evento?post=1140"}],"curies":[{"name":"wp","href":"https:\/\/api.w.org\/{rel}","templated":true}]}}

CREF Capacita – Otimização Metabólica na Prática: Treinamento e Nutrição Integrados

<p>CREF Capacita 2025 em Santa Maria. Com emissão de certificado.</p>



<p></p>
